 + 469 = -h, -2408 = 5*h + 10*w - 6*w. Let u = -191 - h. What is the hundreds digit of u?
2
What is the units digit of 9/4*2296/21?
6
Suppose 3*m - 6*c = -2*c + 28, -5*m = 5*c - 70. Suppose -m = -q + 8. Suppose 3*k + n = -k + q, 20 = -5*n. What is the units digit of k?
6
Let j be (-24)/(-9) + (-12)/(-9). Suppose -5*i - 83 = -h, 2*h + 2*h - j*i = 252. What is the units digit of -3 + 2*h/4?
6
Let z = 1056 + -877. What is the units digit of z?
9
Let o = -8 + 8. Suppose o = -4*q + 3 + 1. Suppose 11 - q = 2*v. What is the units digit of v?
5
Let z = -30 + 18. What is the tens digit of 810/z*(-4)/6?
4
Suppose 0 = -3*t - 867 + 870. Let o(b) = -b - 1. Let v(g) = 27*g**3 + 6*g + 4. Let w(l) = 10*o(l) + 2*v(l). What is the tens digit of w(t)?
5
Suppose q = -8*q. Suppose q = -4*v + 5*a + 766, -2*a + 0*a = -4. What is the units digit of v?
4
Let v = -2107 + 3874. What is the thousands digit of v?
1
Let d be 1 + 3*(-8)/(-12). Suppose d*c + 0*p = -p + 191, 3*c = 3*p + 207. What is the tens digit of c?
6
Let v = -22 - 52. Suppose 3*b - 38 = -2*i + 272, -2*b + 210 = -2*i. Let o = b + v. What is the tens digit of o?
3
Let x = 4244 - 2579. What is the units digit of x?
5
Let y = 42 + -52. Let n = y - -77. What is the units digit of n?
7
Let s be (-6 - -4)/((-2)/(-21)). Let a = 155 + s. What is the tens digit of a?
3
Let r = -474 - -996. What is the tens digit of r?
2
Let b(a) = -73*a + 13. What is the hundreds digit of b(-10)?
7
Let g = -660 - -980. What is the hundreds digit of g?
3
Let t(c) = 2*c**2 + 9*c + 13. Let k = -117 - -126. What is the units digit of t(k)?
6
Let z(t) = -222 + 7*t**2 + 241 + 14*t - 6*t**2. Suppose 4*q - 22 = -78. What is the tens digit of z(q)?
1
Suppose r + 2*b = 6*r - 276, -r + b = -57. Suppose -k - 4 = -0*k, r = 3*z - 3*k. Suppose -z = 2*h - 38. What is the units digit of h?
2
Let x = -6 - -1. Let p be 8/20 + (-638)/x. Suppose -4*d + 3*c = -2*c - 134, 4*d = 2*c + p. What is the units digit of d?
1
Let n(k) = 28 - 7 - 325*k + 326*k. Let j be n(-10). What is the units digit of 3 + (1 + j)/1?
5
Let a(r) = -4*r + 30. Let i = 24 - 33. What is the tens digit of a(i)?
6
Let y = 57 + -47. What is the hundreds digit of y/20 - 410/(-4)?
1
Let b = -112 - -121. Suppose -1287 = -0*t - b*t. What is the hundreds digit of t?
1
Suppose -3*z = -20 - 19. Let y = 254 - 251. Suppose y*b + z = 145. What is the units digit of b?
4
Suppose -16*g + 2771 + 3629 = 0. What is the units digit of g?
0
Suppose -6*z + 6172 = -3104. What is the tens digit of z?
4
Let p = 17 - 10. Let c = 2 + p. What is the units digit of c?
9
Let b(o) = -2*o**2 + 14*o - 5. Let z be b(6). Suppose 6 = z*j - 2*j + c, 0 = -2*j - 3*c - 8. Let m(l) = 3*l**2 + l - 1. What is the units digit of m(j)?
3
Let q be 2 - 1 - -37 - 2. Suppose -m - q = -2*g + 4*m, 5*m = 3*g - 64. Suppose -r = -3*r + g. What is the units digit of r?
4
Let p = 702 - -112. What is the hundreds digit of p?
8
Let t(w) = -w - 1. Let y be t(-4). Suppose -y*z + 60 = 3*z. What is the tens digit of z?
1
Suppose 2*b - b = 0. Let c be 10*(b + -2 + 16). Suppose 0 = -6*i + i + c. What is the units digit of i?
8
Let t = 85 + -28. Let u(m) = 11*m**2 - 3*m + 1. Let a be u(2). Let x = t - a. What is the tens digit of x?
1
Let d = 398 - 252. What is the tens digit of d?
4
Suppose 2*s - 44 = 4*a, -a + 4*a + 6 = 0. Suppose s = 3*f - 3. Let q = f - -29. What is the units digit of q?
6
Suppose 0 = -a - 12*a + 4823. What is the tens digit of a?
7
What is the hundreds digit of -1182*5*(-10)/15?
9
Let z(j) = 70*j - 310. What is the tens digit of z(13)?
0
Let i(z) = -4*z**2 - 6 + 4*z**2 - 6*z + 2*z**2. Let t be i(6). Suppose 0*r + t = r. What is the tens digit of r?
3
Suppose -290*x + 292*x = 524. What is the tens digit of x?
6
Let z = 583 - -4083. What is the tens digit of z?
6
Suppose 3054 = r + 2*x, 2*x + 1729 = r - 1325. What is the hundreds digit of r?
0
Let u be (399/38)/((-6)/(-56)). Let s = u - 50. What is the units digit of s?
8
Let s(z) = -5 + 11*z - 15*z - 31*z. What is the hundreds digit of s(-5)?
1
Suppose -24*k = -28*k + 152. What is the tens digit of ((-186)/(-2))/(57/k)?
6
Suppose 2*l - 48 = 2*m, 5*m = 3*l - 0*m - 64. Let y = l + -36. Let t(g) = -5*g - 16. What is the units digit of t(y)?
4
Let o(u) = -4*u**3 - 2*u**2 + 2*u. Let h(q) = q**2 + 4*q - 3. Let t be h(-4). Let d be t/(-2)*4/(-3). What is the units digit of o(d)?
0
Let z be (-4)/14 + (-3520)/(-70). Let o = 2 - 14. Let j = o + z. What is the tens digit of j?
3
Let i = 573 - 366. What is the tens digit of i?
0
Suppose -1233 = 77*p - 80*p. What is the hundreds digit of p?
4
Let f be (-3)/(9/(-96)*2). Suppose 0 = 3*g + 15, -g = -3*u + g + 7. What is the tens digit of (f - 2) + u - -2?
1
Suppose 2*m + 4*i - 4 = 0, -5*i + 1 = -2*m - 4. Let g be m/(-3)*(5 - 4). Suppose -2*t - r - 2*r + 59 = g, 4*t = -4*r + 116. What is the tens digit of t?
2
Suppose 3*q + 14*q - 25194 = 0. What is the tens digit of q?
8
Let m be 178/3 + 12/18. Suppose 0*i - m = -5*i + 5*k, -3*i + k = -42. What is the units digit of 0 + (i - (5 - 2))?
2
Suppose -4*o = -0*o + 132. Let a = 35 + o. What is the units digit of a/(1/((-112)/(-4)))?
6
Let k = -4 - -9. Suppose -1 + k = p. Suppose 20 = p*b - 24. What is the tens digit of b?
1
Suppose -3*y + 56 = -2*i, -6*i + 50 = 3*y - 2*i. Let o = y + 23. What is the tens digit of o?
4
Let b(t) = -3*t**2 - 13*t - 3. Let y(i) = -2*i**2 - 7*i - 2. Let c(s) = 3*b(s) - 5*y(s). What is the units digit of c(-3)?
2
Let q = -305 - -495. Suppose 2*x - q = -0*x. What is the units digit of x?
5
Suppose 15780 = -21*k + 33*k. What is the thousands digit of k?
1
Let f(n) = -n**2 - 6*n - 1. Let a be f(-5). Let r = 67 - a. What is the units digit of r?
3
Let a = 5554 - 2933. What is the units digit of a?
1
Suppose 0 = -15*o + 13*o + 1128. What is the units digit of o?
4
Let r = 14 - 3. Suppose 4*b + 1 + r = 0, 5*u = 2*b + 456. What is the units digit of u/21 - 2/7?
4
Let h = 40 + -46. What is the tens digit of 5*-1*(-21 - h)?
7
Let k = 1007 + -818. What is the tens digit of k?
8
Let z(h) = h**3 - 8*h**2 + h - 6. Let x be z(8). What is the units digit of ((-124)/x)/(4 - (11 - 6))?
2
Suppose -14 - 28 = -2*j. What is the tens digit of j?
2
Let j(d) = -3*d - 36. Let p be j(-17). Suppose c - 39 = p. What is the units digit of c?
4
Let b be (-1)/6 - (-804)/72. Let g = -6 + b. Suppose 22 + g = l. What is the tens digit of l?
2
Let f(y) = -3*y**3 + y**2 + 1. Let z(t) = -t**3 - 4*t**2 + 5*t - 3. Let s be z(-5). What is the units digit of f(s)?
1
Let n = 356 + 749. What is the units digit of n?
5
Let d = 24 - -341. Suppose -5*f + 2*a + 3*a - d = 0, -3*f - 3*a - 231 = 0. What is the tens digit of 1/(-3)*1*f?
2
Let f = -525 + 924. What is the hundreds digit of f?
3
Let f = -648 - -1119. What is the tens digit of f?
7
Let i(t) = 44*t + 1. Let b(p) = -88*p - 2. Let m(z) = -4*b(z) - 9*i(z). What is the tens digit of m(-1)?
4
Suppose 55 + 11 = -2*j + 2*c, -4*j - 136 = -2*c. Let i = -9 - j. What is the units digit of i?
6
Let t(u) = -u + 300. Let b be t(0). Suppose 4*d - b = -36. What is the units digit of d?
6
Let c be (20/(-25))/(2/65). Let g be c*(0 - -4)/(-8). Let l = 23 + g. What is the tens digit of l?
3
Suppose -2*l + 4 = -5*p + p, -1 = -5*p + 4*l. Let f = p - -76. What is the units digit of f?
3
Let d(x) = 4*x + 23. Let p(l) = l**3 + 9*l**2 + 7*l + 5. Let j be p(-8). Suppose -11*g = -j*g + 14. What is the tens digit of d(g)?
5
Let i(u) = u**2 - 7*u - 8. Let y be i(7). Let f be 6/24 + 2/y. Suppose f = -2*w + 63 - 17. What is the units digit of w?
3
What is the hundreds digit of (-73950)/(-90) + 1/3?
8
Suppose 5*f - 7477 = 13*l - 14*l, 5*f + 2*l - 7474 = 0. What is the units digit of f?
6
Let p = -1119 - -3459. What is the units digit of p?
0
Suppose -11*u = -10*u - 4. What is the units digit of (-365)/(-10)*u + 3?
9
Suppose 3*u - 4*x = 18, -x - 3*x = 5*u - 62. Suppose -3*h = 2*i - 6*i + 374, -u = -5*h. What is the units digit of i?
5
Suppose -3225 = -6*x - 9*x. What is the tens digit of x?
1
Suppose 9*z - 13*z = -8. Suppose z*c - 100 - 212 = 0. What is the hundreds digit of c?
1
Let u = 9012 - 4115. What is the hundreds digit of u?
8
Let w = -5 - 3. Let f(c) = -c**3 + 6*c**2 - 9*c. Let p be f(4). What is the units digit of 0 + w/p - -2?
4
Suppose -2*m + 9 = -5*m. Let r be 2/(m + (-208